{"id":124,"date":"2016-12-05T14:34:17","date_gmt":"2016-12-05T14:34:17","guid":{"rendered":"http:\/\/www.giat.cl\/hospital\/?page_id=124"},"modified":"2018-06-27T12:48:42","modified_gmt":"2018-06-27T12:48:42","slug":"historia","status":"publish","type":"page","link":"https:\/\/hospitalmolina.cl\/?page_id=124","title":{"rendered":"Historia"},"content":{"rendered":"<div class=\"titulo_modulo\">&nbsp;<\/div>\n<div class=\"contenido_modulo\">\n<div id=\"txt_historia1\">\n<div align=\"justify\">Hacia 1875, Molina carec\u00eda por completo de elementos para atender enfermedades o epidemias. La \u00fanica forma de socorrer estas urgencias era a trav\u00e9s del personal del hospital de Talca que se trasladaba a caballo hacia Molina.<\/div>\n<div align=\"justify\">&nbsp;<\/div>\n<\/div>\n<div id=\"txt_historia2\">\n<div align=\"justify\">Por esta raz\u00f3n, la comunidad molinense organiz\u00f3 la &#8220;SOCIEDAD DE BENEFICENCIA DE LONTU\u00c9&#8221;, integrada por las esposas de los funcionarios de Servicios P\u00fablicos y las familias m\u00e1s acomodadas de la ciudad.El 18 de abril de 1874, el Presidente de la Rep\u00fablica, Don Federico Err\u00e1zuriz, decret\u00f3 otorgarle personalidad jur\u00eddica a esta instituci\u00f3n, la que mediante colectas realizadas para construir un hospital pudo fundar una&#8221;Dispensar\u00eda&#8221; donde se atend\u00edan familias de escasos recursos.Hacia 1883, el Sr. Juan Agust\u00edn Ant\u00fanez, don\u00f3 terrenos para construir el futuro hospital. El terreno se ubicaba a diez cuadras de la Plaza de Armas. En esa \u00e9poca la falta de un recinto hospitalario se hac\u00eda cada vez m\u00e1s evidente, considerando la humedad de los suelos donde fue fundada Molina, los crudos inviernos que dejaban al descubierto las necesidades de los indigentes, m\u00e1s la carencia de agua potable que dejaba estragos en el verano, lo que finalmente redundaba en las peri\u00f3dicas epidemias de difteria, pestes, reumatismos, tisis, catarros a las v\u00edas digestivas y otras. En 1885 comienzan los trabajos para la construcci\u00f3n del anhelado Hospital. La primera parte del HOSPITAL SANTA ROSA, es entregada a la comunidad, el 09 de Febrero de 1890, y la obra completa es inaugurada a fines del siglo pasado.<\/div>\n<div align=\"justify\">&nbsp;<\/div>\n<\/div>\n<div id=\"txt_historia3\">\n<div align=\"justify\">Al principio fue atendido por las Hermanas de la Congregaci\u00f3n de la Ordenanza de Santa Cruz. La atenci\u00f3n cubr\u00eda alrededor de 700 y 1000 personas, esto en el primer semestre de 1901, mientras que en la Dispenser\u00eda la entrega de medicamentos llega a 1502 \u00f3rdenes en la misma fecha.En el hospital Santa Rosa naci\u00f3 gran parte de los actuales Molinenses. Hoy no quedan rastros de esta construcci\u00f3n, en su lugar se construy\u00f3 un Parque Cementerio.El nuevo hospital de Molina, comenz\u00f3 a funcionar en el a\u00f1o 1981, actualmente cuenta con 189 funcionarios y una dotaci\u00f3n de 63 camas. Se encuentra en la principal v\u00eda de acceso de la ciudad desde la carretera Panamericana, en la avenida Luis Cruz Mart\u00ednez.<\/div>\n<div align=\"justify\">&nbsp;<\/div>\n<\/div>\n<div id=\"txt_historia4\">\n<div align=\"justify\">Fotograf\u00eda del antiguo Hospital Santa Rosa de Molina en el a\u00f1o 1936.<\/div>\n<div align=\"justify\">&nbsp;<\/div>\n<div align=\"justify\"><a href=\"http:\/\/www.hospitalmolina.cl\/wp-content\/uploads\/2016\/12\/historia.png\"><img loading=\"lazy\" decoding=\"async\" class=\"aligncenter size-full wp-image-131\" src=\"http:\/\/www.hospitalmolina.cl\/wp-content\/uploads\/2016\/12\/historia.png\" alt=\"historia\" width=\"400\" height=\"242\" srcset=\"https:\/\/hospitalmolina.cl\/wp-content\/uploads\/2016\/12\/historia.png 400w, https:\/\/hospitalmolina.cl\/wp-content\/uploads\/2016\/12\/historia-300x182.png 300w\" sizes=\"auto, (max-width: 400px) 100vw, 400px\" \/><\/a>&nbsp;<\/div>\n<\/div>\n<div align=\"justify\">&nbsp;<\/div>\n<\/div>\n","protected":false},"excerpt":{"rendered":"<p>&nbsp; Hacia 1875, Molina carec\u00eda por completo de elementos para atender enfermedades o epidemias. La \u00fanica forma de socorrer estas<\/p>\n","protected":false},"author":1,"featured_media":0,"parent":58,"menu_order":0,"comment_status":"closed","ping_status":"closed","template":"","meta":{"colormag_page_container_layout":"no_sidebar_content_centered","colormag_page_sidebar_layout":"no_sidebar","ngg_post_thumbnail":0,"footnotes":""},"class_list":["post-124","page","type-page","status-publish","hentry"],"_links":{"self":[{"href":"https:\/\/hospitalmolina.cl\/index.php?rest_route=\/wp\/v2\/pages\/124","targetHints":{"allow":["GET"]}}],"collection":[{"href":"https:\/\/hospitalmolina.cl\/index.php?rest_route=\/wp\/v2\/pages"}],"about":[{"href":"https:\/\/hospitalmolina.cl\/index.php?rest_route=\/wp\/v2\/types\/page"}],"author":[{"embeddable":true,"href":"https:\/\/hospitalmolina.cl\/index.php?rest_route=\/wp\/v2\/users\/1"}],"replies":[{"embeddable":true,"href":"https:\/\/hospitalmolina.cl\/index.php?rest_route=%2Fwp%2Fv2%2Fcomments&post=124"}],"version-history":[{"count":7,"href":"https:\/\/hospitalmolina.cl\/index.php?rest_route=\/wp\/v2\/pages\/124\/revisions"}],"predecessor-version":[{"id":676,"href":"https:\/\/hospitalmolina.cl\/index.php?rest_route=\/wp\/v2\/pages\/124\/revisions\/676"}],"up":[{"embeddable":true,"href":"https:\/\/hospitalmolina.cl\/index.php?rest_route=\/wp\/v2\/pages\/58"}],"wp:attachment":[{"href":"https:\/\/hospitalmolina.cl\/index.php?rest_route=%2Fwp%2Fv2%2Fmedia&parent=124"}],"curies":[{"name":"wp","href":"https:\/\/api.w.org\/{rel}","templated":true}]}}