{"id":205,"date":"2016-12-06T14:48:53","date_gmt":"2016-12-06T14:48:53","guid":{"rendered":"http:\/\/www.giat.cl\/hospital\/?page_id=205"},"modified":"2018-08-01T16:14:51","modified_gmt":"2018-08-01T16:14:51","slug":"postrados","status":"publish","type":"page","link":"https:\/\/hospitalmolina.cl\/?page_id=205","title":{"rendered":"Kinesiterapia"},"content":{"rendered":"<table style=\"height: 56px;\" border=\"1\" width=\"1056\" cellspacing=\"1\" cellpadding=\"1\" bgcolor=\"#289dcc\">\n<tbody>\n<tr>\n<td style=\"text-align: left;\">Nombre del Servicio<\/td>\n<td>Kinesioterapia<\/td>\n<\/tr>\n<tr>\n<td>Jefe Servicio<\/td>\n<td>kinesi\u00f3loga Claudia Gil Mu\u00f1oz<\/td>\n<\/tr>\n<tr>\n<td>Telefonos de Contacto<\/td>\n<td>Red Fija: 75 2 565264<br \/>\nRed MINSAL: 755264<\/td>\n<\/tr>\n<tr>\n<td>Horario de Atenci\u00f3n<\/td>\n<td>Lunes a Jueves 8:00 hrs. a 17:00 hrs.<br \/>\nViernes 8:00 hrs. a 16:00 hrs.<\/td>\n<\/tr>\n<\/tbody>\n<\/table>\n<h5 style=\"text-align: center;\"><b>Descripci\u00f3n General del funcionamiento del Servicio<\/b><\/h5>\n<p style=\"text-align: justify;\">Es una unidad de apoyo cl\u00ednico y terap\u00e9utico, que tiene como fin rehabilitar y mejorar las patolog\u00edas que afectan el aparato locomotor y potenciar las estructuras indemnes para lograr integrarlos a las actividades laborales y de la vida diaria.&nbsp; Los usuarios pueden acceder a tecnolog\u00eda de alta eficiencia tales como: Fisioterapia, kinesioterapia, entrenamiento ergonom\u00e9trico, entrenamiento ort\u00e9sicos y prot\u00e9sicos, atenci\u00f3n kin\u00e9sica integral.<\/p>\n<p style=\"text-align: justify;\">Cuenta con un profesional Kinesi\u00f3logo y un T\u00e9cnico Param\u00e9dico de Nivel Superior.&nbsp;<\/p>\n<p style=\"text-align: justify;\">Entre las principales patolog\u00edas tratadas est\u00e1n: las neurol\u00f3gicas, musculo esquel\u00e9ticas, vasculares, quemaduras, oncol\u00f3gicas, entre otras.<\/p>\n<p style=\"text-align: center;\"><style type=\"text\/css\">.easingslider-880 { max-width: 640px; }.easingslider-880 .easingslider-image { max-height: 400px; max-width: 640px; }.easingslider-880 .easingslider-fade-in, .easingslider-fade-out { -webkit-animation-duration: 400ms; -moz-animation-duration: 400ms; animation-duration: 400ms; }<\/style><script type=\"text\/javascript\">window.EasingSlider880 = {\"width\":640,\"height\":400,\"singleItem\":true,\"items\":1,\"itemsDesktop\":false,\"itemsDesktopSmall\":false,\"itemsTablet\":false,\"itemsTabletSmall\":false,\"itemsMobile\":false,\"responsive\":true,\"lazyLoad\":true,\"autoPlay\":4000,\"slideSpeed\":400,\"navigation\":true,\"navigationText\":[\"\",\"\"],\"pagination\":true,\"autoHeight\":false,\"mouseDrag\":false,\"touchDrag\":false,\"addClassActive\":true,\"transitionStyle\":\"fade\"};<\/script><div data-id=\"880\" class=\"easingslider easingslider-880 easingslider-container easingslider-resizing-enabled easingslider-aspect-ratio easingslider-arrows-inside easingslider-pagination-inside easingslider-pagination-bottom-center\"><div class=\"easingslider-slide\"><img decoding=\"async\" src=\"https:\/\/hospitalmolina.cl\/wp-content\/plugins\/easing-slider\/assets\/images\/placeholder-pixel.png\" data-src=\"https:\/\/hospitalmolina.cl\/wp-content\/uploads\/2018\/08\/kine1-640x400.jpg\" alt=\"\" title=\"\" class=\"easingslider-image easingslider-lazy\" \/><\/div><div class=\"easingslider-slide\"><img decoding=\"async\" src=\"https:\/\/hospitalmolina.cl\/wp-content\/plugins\/easing-slider\/assets\/images\/placeholder-pixel.png\" data-src=\"https:\/\/hospitalmolina.cl\/wp-content\/uploads\/2018\/08\/kine2-640x400.jpg\" alt=\"\" title=\"\" class=\"easingslider-image easingslider-lazy\" \/><\/div><div class=\"easingslider-slide\"><img decoding=\"async\" src=\"https:\/\/hospitalmolina.cl\/wp-content\/plugins\/easing-slider\/assets\/images\/placeholder-pixel.png\" data-src=\"https:\/\/hospitalmolina.cl\/wp-content\/uploads\/2018\/08\/kine3-640x400.jpg\" alt=\"\" title=\"\" class=\"easingslider-image easingslider-lazy\" \/><\/div><div class=\"easingslider-slide\"><img decoding=\"async\" src=\"https:\/\/hospitalmolina.cl\/wp-content\/plugins\/easing-slider\/assets\/images\/placeholder-pixel.png\" data-src=\"https:\/\/hospitalmolina.cl\/wp-content\/uploads\/2018\/08\/kine4-640x400.jpg\" alt=\"\" title=\"\" class=\"easingslider-image easingslider-lazy\" \/><\/div><div class=\"easingslider-slide\"><img decoding=\"async\" src=\"https:\/\/hospitalmolina.cl\/wp-content\/plugins\/easing-slider\/assets\/images\/placeholder-pixel.png\" data-src=\"https:\/\/hospitalmolina.cl\/wp-content\/uploads\/2018\/08\/kine5-640x400.jpg\" alt=\"\" title=\"\" class=\"easingslider-image easingslider-lazy\" \/><\/div><div class=\"easingslider-slide\"><img decoding=\"async\" src=\"https:\/\/hospitalmolina.cl\/wp-content\/plugins\/easing-slider\/assets\/images\/placeholder-pixel.png\" data-src=\"https:\/\/hospitalmolina.cl\/wp-content\/uploads\/2018\/08\/kine6-640x400.jpg\" alt=\"\" title=\"\" class=\"easingslider-image easingslider-lazy\" \/><\/div><\/div><\/p>\n","protected":false},"excerpt":{"rendered":"<p>Nombre del Servicio Kinesioterapia Jefe Servicio kinesi\u00f3loga Claudia Gil Mu\u00f1oz Telefonos de Contacto Red Fija: 75 2 565264 Red MINSAL:<\/p>\n","protected":false},"author":1,"featured_media":0,"parent":62,"menu_order":0,"comment_status":"closed","ping_status":"closed","template":"","meta":{"colormag_page_container_layout":"no_sidebar_content_centered","colormag_page_sidebar_layout":"no_sidebar","ngg_post_thumbnail":0,"footnotes":""},"class_list":["post-205","page","type-page","status-publish","hentry"],"_links":{"self":[{"href":"https:\/\/hospitalmolina.cl\/index.php?rest_route=\/wp\/v2\/pages\/205","targetHints":{"allow":["GET"]}}],"collection":[{"href":"https:\/\/hospitalmolina.cl\/index.php?rest_route=\/wp\/v2\/pages"}],"about":[{"href":"https:\/\/hospitalmolina.cl\/index.php?rest_route=\/wp\/v2\/types\/page"}],"author":[{"embeddable":true,"href":"https:\/\/hospitalmolina.cl\/index.php?rest_route=\/wp\/v2\/users\/1"}],"replies":[{"embeddable":true,"href":"https:\/\/hospitalmolina.cl\/index.php?rest_route=%2Fwp%2Fv2%2Fcomments&post=205"}],"version-history":[{"count":4,"href":"https:\/\/hospitalmolina.cl\/index.php?rest_route=\/wp\/v2\/pages\/205\/revisions"}],"predecessor-version":[{"id":881,"href":"https:\/\/hospitalmolina.cl\/index.php?rest_route=\/wp\/v2\/pages\/205\/revisions\/881"}],"up":[{"embeddable":true,"href":"https:\/\/hospitalmolina.cl\/index.php?rest_route=\/wp\/v2\/pages\/62"}],"wp:attachment":[{"href":"https:\/\/hospitalmolina.cl\/index.php?rest_route=%2Fwp%2Fv2%2Fmedia&parent=205"}],"curies":[{"name":"wp","href":"https:\/\/api.w.org\/{rel}","templated":true}]}}