{"id":209,"date":"2016-12-06T14:49:21","date_gmt":"2016-12-06T14:49:21","guid":{"rendered":"http:\/\/www.giat.cl\/hospital\/?page_id=209"},"modified":"2018-06-27T21:33:15","modified_gmt":"2018-06-27T21:33:15","slug":"sala-ira","status":"publish","type":"page","link":"https:\/\/hospitalmolina.cl\/?page_id=209","title":{"rendered":"Sala IRA"},"content":{"rendered":"<p style=\"text-align: justify;\">En Chile, las infecciones respiratorias agudas (IRA) constituyen un importante problema de salud p\u00fablica. Durante la d\u00e9cada del 80, la tasa de mortalidad infantil por neumon\u00eda subi\u00f3 y las investigaciones operacionales demostraron que en muchos de estos fallecidos el deceso ocurr\u00eda en domicilio o trayecto al hospital.<\/p>\n<p style=\"text-align: justify;\">Estos estudios identificaron los factores de riesgo y demostraron que la etiolog\u00eda era preferentemente viral. Considerando estos antecedentes y el tipo de organizaci\u00f3n del sistema de salud chileno, se elabor\u00f3 una propuesta de Programa de IRA, que posteriormente fue adoptado como oficial por el Ministerio de Salud. Este Programa incorpora el manejo moderno del s\u00edndrome bronquial obstructivo (SBO), agrega kinesi\u00f3logos y transfiere tecnolog\u00eda a los Centros de Atenci\u00f3n Primaria para mejorar su capacidad resolutiva.<\/p>\n<p style=\"text-align: justify;\">En la actualidad, el Programa Nacional de IRA cuenta con m\u00e1s de 500 unidades en todo el territorio, y ha logrado llegar con una salud m\u00e1s equitativa y de mejor calidad t\u00e9cnica a la poblaci\u00f3n m\u00e1s pobre de nuestro pa\u00eds. Entre los resultados sanitarios m\u00e1s importantes destaca la reducci\u00f3n de las hospitalizaciones por SBO y especialmente el reiterado quiebre hacia el descenso de la mortalidad infantil por neumon\u00eda, en particular de su componente domiciliario.<\/p>\n<p style=\"text-align: justify;\">Las evaluaciones independientes han mostrado un alto rendimiento costo-beneficio de los recursos usados en este campo. En la actualidad, ante la baja mortalidad por neumon\u00eda, los esfuerzos deben enfocarse a mejorar la calidad de vida de nuestros ni\u00f1os, en especial si se considera el creciente aumento de pacientes portadores de enfermedades respiratorias cr\u00f3nicas.<\/p>\n<p style=\"text-align: justify;\">En nuestro hospital Santa Rosa de Molina, la Sala IRA existe como tal desde Mayo de 1998 y el equipo est\u00e1 conformado por M\u00e9dico y Kin\u00e9si\u00f3logo, prestando atenci\u00f3n a poblaci\u00f3n menor de 20 a\u00f1os, tanto en patolog\u00eda respiratoria aguda como cr\u00f3nica.&lt;<\/p>\n<p style=\"text-align: justify;\">Programa IRA (Infecciones Respiratorias Agudas) ha significado un significativo avance en el manejo y control de patolog\u00edas de alta prevalencia y de gran trascendencia en salud p\u00fablica. Su modelo representa la adecuaci\u00f3n a los enfoques modernos de administraci\u00f3n sanitaria, en donde se hace perentoria la colaboraci\u00f3n intersectorial e interdisciplinaria.<\/p>\n<p style=\"text-align: justify;\">Diversas evidencias han demostrado el gran impacto de este programa en el ahorro de recursos, tanto por la disminuci\u00f3n de consultas a Servicios de Urgencia, a Policl\u00ednicos de Especialidad como en Ingresos Hospitalarios. El importante descenso (m\u00e1s all\u00e1 incluso de lo previsto) de la mortalidad por neumon\u00eda en menores de un a\u00f1o desde la instalaci\u00f3n del programa es uno de los mejores indicadores de que vamos por la senda correcta.<\/p>\n<p style=\"text-align: justify;\">Se plantean ahora nuevos desaf\u00edos, que implican un especial esfuerzo de los equipos de salud en hacer m\u00e1s part\u00edcipe a la comunidad en la resoluci\u00f3n de sus problemas sanitarios. Esto har\u00e1 del programa IRA un modelo atractivo no solo exportable, sino adem\u00e1s digno de imitar por otras especialidades para el adecuado manejo de nuestros grupos poblaciones m\u00e1s vulnerables.<\/p>\n","protected":false},"excerpt":{"rendered":"<p>En Chile, las infecciones respiratorias agudas (IRA) constituyen un importante problema de salud p\u00fablica. Durante la d\u00e9cada del 80, la<\/p>\n","protected":false},"author":1,"featured_media":0,"parent":62,"menu_order":0,"comment_status":"closed","ping_status":"closed","template":"","meta":{"colormag_page_container_layout":"no_sidebar_content_centered","colormag_page_sidebar_layout":"no_sidebar","ngg_post_thumbnail":0,"footnotes":""},"class_list":["post-209","page","type-page","status-publish","hentry"],"_links":{"self":[{"href":"https:\/\/hospitalmolina.cl\/index.php?rest_route=\/wp\/v2\/pages\/209","targetHints":{"allow":["GET"]}}],"collection":[{"href":"https:\/\/hospitalmolina.cl\/index.php?rest_route=\/wp\/v2\/pages"}],"about":[{"href":"https:\/\/hospitalmolina.cl\/index.php?rest_route=\/wp\/v2\/types\/page"}],"author":[{"embeddable":true,"href":"https:\/\/hospitalmolina.cl\/index.php?rest_route=\/wp\/v2\/users\/1"}],"replies":[{"embeddable":true,"href":"https:\/\/hospitalmolina.cl\/index.php?rest_route=%2Fwp%2Fv2%2Fcomments&post=209"}],"version-history":[{"count":2,"href":"https:\/\/hospitalmolina.cl\/index.php?rest_route=\/wp\/v2\/pages\/209\/revisions"}],"predecessor-version":[{"id":707,"href":"https:\/\/hospitalmolina.cl\/index.php?rest_route=\/wp\/v2\/pages\/209\/revisions\/707"}],"up":[{"embeddable":true,"href":"https:\/\/hospitalmolina.cl\/index.php?rest_route=\/wp\/v2\/pages\/62"}],"wp:attachment":[{"href":"https:\/\/hospitalmolina.cl\/index.php?rest_route=%2Fwp%2Fv2%2Fmedia&parent=209"}],"curies":[{"name":"wp","href":"https:\/\/api.w.org\/{rel}","templated":true}]}}