{"id":226,"date":"2016-12-06T14:59:20","date_gmt":"2016-12-06T14:59:20","guid":{"rendered":"http:\/\/www.giat.cl\/hospital\/?page_id=226"},"modified":"2022-03-22T14:02:20","modified_gmt":"2022-03-22T14:02:20","slug":"derechos-y-deberes","status":"publish","type":"page","link":"https:\/\/hospitalmolina.cl\/?page_id=226","title":{"rendered":"Derechos y Deberes"},"content":{"rendered":"<p>&nbsp;<\/p>\n<p>CARTA DE DERECHOS Y DEBERES DE LOS PACIENTES<\/p>\n<p style=\"text-align: justify;\">El 01 de octubre de 2012 entr\u00f3 en vigencia la Ley de Derechos y Deberes de los Pacientes, que establece cu\u00e1les son los derechos y deberes de las personas en relaci\u00f3n con las acciones vinculadas a su atenci\u00f3n de salud.<\/p>\n<p style=\"text-align: justify;\">La iniciativa legal&nbsp;resguarda principios b\u00e1sicos de atenci\u00f3n en salud, disposiciones que se aplican tanto en el sector p\u00fablico como privado.<\/p>\n<p style=\"text-align: justify;\">Esta ley viene a fortalecer el eje principal de la salud p\u00fablica en nuestro pa\u00eds: los usuarios.<\/p>\n<p style=\"text-align: justify;\">Los derechos y deberes establecidos en esta ley deben estar plasmados de manera visible y clara en&nbsp;la \u201d<strong>Carta de Derechos y Deberes de los Pacientes<\/strong>\u201d en donde se especifica cada uno de los aspectos se\u00f1alados en la nueva ley.<\/p>\n<p style=\"text-align: justify;\">Esta carta debe estar presente en instituciones tales como: consultorios, hospitales y cl\u00ednicas del pa\u00eds.<\/p>\n<p style=\"text-align: justify;\">A continuaci\u00f3n y en cumplimiento de la nueva disposici\u00f3n legal el Ministerio de Salud, deja a su&nbsp;disposici\u00f3n la resoluci\u00f3n exenta que \u201dDetermina el Contenido de la Carta de Derechos y Deberes de las Personas en relaci\u00f3n con la Atenci\u00f3n de Salud\u201d, la carta de Derechos y Deberes de los pacientes en formato de imagen digital y&nbsp;el Manual T\u00e9cnico&nbsp;de Normas Gr\u00e1ficas, que establece el correcto uso de dicha carta.<\/p>\n<p><img loading=\"lazy\" decoding=\"async\" class=\"aligncenter wp-image-1514 size-full\" src=\"https:\/\/www.hospitalmolina.cl\/wp-content\/uploads\/2022\/03\/0001.jpg\" alt=\"\" width=\"1846\" height=\"1787\" srcset=\"https:\/\/hospitalmolina.cl\/wp-content\/uploads\/2022\/03\/0001.jpg 1846w, https:\/\/hospitalmolina.cl\/wp-content\/uploads\/2022\/03\/0001-300x290.jpg 300w, https:\/\/hospitalmolina.cl\/wp-content\/uploads\/2022\/03\/0001-1024x991.jpg 1024w, https:\/\/hospitalmolina.cl\/wp-content\/uploads\/2022\/03\/0001-768x743.jpg 768w, https:\/\/hospitalmolina.cl\/wp-content\/uploads\/2022\/03\/0001-1536x1487.jpg 1536w\" sizes=\"auto, (max-width: 1846px) 100vw, 1846px\" \/><\/p>\n","protected":false},"excerpt":{"rendered":"<p>&nbsp; CARTA DE DERECHOS Y DEBERES DE LOS PACIENTES El 01 de octubre de 2012 entr\u00f3 en vigencia la Ley<\/p>\n","protected":false},"author":1,"featured_media":0,"parent":217,"menu_order":0,"comment_status":"closed","ping_status":"closed","template":"","meta":{"colormag_page_container_layout":"no_sidebar_content_centered","colormag_page_sidebar_layout":"no_sidebar","ngg_post_thumbnail":0,"footnotes":""},"class_list":["post-226","page","type-page","status-publish","hentry"],"_links":{"self":[{"href":"https:\/\/hospitalmolina.cl\/index.php?rest_route=\/wp\/v2\/pages\/226","targetHints":{"allow":["GET"]}}],"collection":[{"href":"https:\/\/hospitalmolina.cl\/index.php?rest_route=\/wp\/v2\/pages"}],"about":[{"href":"https:\/\/hospitalmolina.cl\/index.php?rest_route=\/wp\/v2\/types\/page"}],"author":[{"embeddable":true,"href":"https:\/\/hospitalmolina.cl\/index.php?rest_route=\/wp\/v2\/users\/1"}],"replies":[{"embeddable":true,"href":"https:\/\/hospitalmolina.cl\/index.php?rest_route=%2Fwp%2Fv2%2Fcomments&post=226"}],"version-history":[{"count":5,"href":"https:\/\/hospitalmolina.cl\/index.php?rest_route=\/wp\/v2\/pages\/226\/revisions"}],"predecessor-version":[{"id":1515,"href":"https:\/\/hospitalmolina.cl\/index.php?rest_route=\/wp\/v2\/pages\/226\/revisions\/1515"}],"up":[{"embeddable":true,"href":"https:\/\/hospitalmolina.cl\/index.php?rest_route=\/wp\/v2\/pages\/217"}],"wp:attachment":[{"href":"https:\/\/hospitalmolina.cl\/index.php?rest_route=%2Fwp%2Fv2%2Fmedia&parent=226"}],"curies":[{"name":"wp","href":"https:\/\/api.w.org\/{rel}","templated":true}]}}